{"id":139,"date":"2018-04-06T17:41:56","date_gmt":"2018-04-06T15:41:56","guid":{"rendered":"http:\/\/www.ffneumarkt.at\/2018\/?page_id=139"},"modified":"2023-04-08T17:35:25","modified_gmt":"2023-04-08T15:35:25","slug":"feuerwehrhaus","status":"publish","type":"page","link":"https:\/\/www.ffneumarkt.at\/2018\/?page_id=139","title":{"rendered":"Feuerwehrhaus"},"content":{"rendered":"\t\t<div data-elementor-type=\"wp-post\" data-elementor-id=\"139\" class=\"elementor elementor-139\">\n\t\t\t\t\t\t<div class=\"elementor-inner\">\n\t\t\t\t<div class=\"elementor-section-wrap\">\n\t\t\t\t\t\t\t\t\t<section class=\"elementor-section elementor-top-section elementor-element elementor-element-7b305d2a elementor-section-boxed elementor-section-height-default elementor-section-height-default\" data-id=\"7b305d2a\" data-element_type=\"section\">\n\t\t\t\t\t\t<div class=\"elementor-container elementor-column-gap-default\">\n\t\t\t\t\t\t\t<div class=\"elementor-row\">\n\t\t\t\t\t<div class=\"elementor-column elementor-col-100 elementor-top-column elementor-element elementor-element-587ec68d\" data-id=\"587ec68d\" data-element_type=\"column\">\n\t\t\t<div class=\"elementor-column-wrap elementor-element-populated\">\n\t\t\t\t\t\t\t<div class=\"elementor-widget-wrap\">\n\t\t\t\t\t\t<div class=\"elementor-element elementor-element-574a0679 elementor-widget elementor-widget-text-editor\" data-id=\"574a0679\" data-element_type=\"widget\" data-widget_type=\"text-editor.default\">\n\t\t\t\t<div class=\"elementor-widget-container\">\n\t\t\t\t\t\t\t\t<div class=\"elementor-text-editor elementor-clearfix\">\n\t\t\t\tAm 23. August 2012 wurde mit einer Spatenstichfeier der Grundstein f\u00fcr das neue Feuerwehrhaus der FF Neumarkt gelegt. Der bisherige Bauhof sollte in den kommenden Jahren zum Feuerwehrhaus umgebaut werden. In Zusammenarbeit mit verschiedenen beauftragten Unternehmen und unz\u00e4hliger Stunden Freizeit, die die Kameraden auf der Baustelle verbracht haben, konnte das neue Heim nach 3-j\u00e4hriger Bauzeit fertiggestellt werden. Am 7. Juni 2015 konnte das moderne neue Feuerwehrhaus schlussendlich feierlich er\u00f6ffnet werden.\r\n\r\n&nbsp;\t\t\t\t\t<\/div>\n\t\t\t\t\t\t<\/div>\n\t\t\t\t<\/div>\n\t\t\t\t\t\t<\/div>\n\t\t\t\t\t<\/div>\n\t\t<\/div>\n\t\t\t\t\t\t\t\t<\/div>\n\t\t\t\t\t<\/div>\n\t\t<\/section>\n\t\t\t\t<section class=\"elementor-section elementor-top-section elementor-element elementor-element-c7c0313 elementor-section-boxed elementor-section-height-default elementor-section-height-default\" data-id=\"c7c0313\" data-element_type=\"section\">\n\t\t\t\t\t\t<div class=\"elementor-container elementor-column-gap-default\">\n\t\t\t\t\t\t\t<div class=\"elementor-row\">\n\t\t\t\t\t<div class=\"elementor-column elementor-col-100 elementor-top-column elementor-element elementor-element-0bc2a53\" data-id=\"0bc2a53\" data-element_type=\"column\">\n\t\t\t<div class=\"elementor-column-wrap elementor-element-populated\">\n\t\t\t\t\t\t\t<div class=\"elementor-widget-wrap\">\n\t\t\t\t\t\t<div class=\"elementor-element elementor-element-d76be0a elementor-widget elementor-widget-image\" data-id=\"d76be0a\" data-element_type=\"widget\" data-widget_type=\"image.default\">\n\t\t\t\t<div class=\"elementor-widget-container\">\n\t\t\t\t\t\t\t\t<div class=\"elementor-image\">\n\t\t\t\t\t\t\t\t\t\t\t\t<img decoding=\"async\" width=\"1024\" height=\"429\" src=\"https:\/\/www.ffneumarkt.at\/2018\/wp-content\/uploads\/2018\/09\/feuerwehrhaus-1024x429.jpg\" class=\"attachment-large size-large wp-image-765\" alt=\"\" loading=\"lazy\" srcset=\"https:\/\/www.ffneumarkt.at\/2018\/wp-content\/uploads\/2018\/09\/feuerwehrhaus.jpg 1024w, https:\/\/www.ffneumarkt.at\/2018\/wp-content\/uploads\/2018\/09\/feuerwehrhaus-300x126.jpg 300w, https:\/\/www.ffneumarkt.at\/2018\/wp-content\/uploads\/2018\/09\/feuerwehrhaus-768x322.jpg 768w, https:\/\/www.ffneumarkt.at\/2018\/wp-content\/uploads\/2018\/09\/feuerwehrhaus-830x348.jpg 830w, https:\/\/www.ffneumarkt.at\/2018\/wp-content\/uploads\/2018\/09\/feuerwehrhaus-230x96.jpg 230w, https:\/\/www.ffneumarkt.at\/2018\/wp-content\/uploads\/2018\/09\/feuerwehrhaus-350x147.jpg 350w, https:\/\/www.ffneumarkt.at\/2018\/wp-content\/uploads\/2018\/09\/feuerwehrhaus-480x201.jpg 480w\" sizes=\"(max-width: 1024px) 100vw, 1024px\" \/>\t\t\t\t\t\t\t\t\t\t\t\t\t\t<\/div>\n\t\t\t\t\t\t<\/div>\n\t\t\t\t<\/div>\n\t\t\t\t\t\t<\/div>\n\t\t\t\t\t<\/div>\n\t\t<\/div>\n\t\t\t\t\t\t\t\t<\/div>\n\t\t\t\t\t<\/div>\n\t\t<\/section>\n\t\t\t\t\t\t\t\t\t<\/div>\n\t\t\t<\/div>\n\t\t\t\t\t<\/div>\n\t\t","protected":false},"excerpt":{"rendered":"<p>Am 23. August 2012 wurde mit einer Spatenstichfeier der Grundstein f\u00fcr das neue Feuerwehrhaus der FF Neumarkt gelegt. Der bisherige Bauhof sollte in den kommenden Jahren zum Feuerwehrhaus umgebaut werden. In Zusammenarbeit mit verschiedenen beauftragten Unternehmen und unz\u00e4hliger Stunden Freizeit, die die Kameraden auf der Baustelle verbracht haben, konnte das neue Heim nach 3-j\u00e4hriger Bauzeit [&hellip;]<\/p>\n","protected":false},"author":2,"featured_media":0,"parent":0,"menu_order":0,"comment_status":"closed","ping_status":"closed","template":"page-templates\/page_fullwidth.php","meta":{"ngg_post_thumbnail":0},"_links":{"self":[{"href":"https:\/\/www.ffneumarkt.at\/2018\/index.php?rest_route=\/wp\/v2\/pages\/139"}],"collection":[{"href":"https:\/\/www.ffneumarkt.at\/2018\/index.php?rest_route=\/wp\/v2\/pages"}],"about":[{"href":"https:\/\/www.ffneumarkt.at\/2018\/index.php?rest_route=\/wp\/v2\/types\/page"}],"author":[{"embeddable":true,"href":"https:\/\/www.ffneumarkt.at\/2018\/index.php?rest_route=\/wp\/v2\/users\/2"}],"replies":[{"embeddable":true,"href":"https:\/\/www.ffneumarkt.at\/2018\/index.php?rest_route=%2Fwp%2Fv2%2Fcomments&post=139"}],"version-history":[{"count":9,"href":"https:\/\/www.ffneumarkt.at\/2018\/index.php?rest_route=\/wp\/v2\/pages\/139\/revisions"}],"predecessor-version":[{"id":2535,"href":"https:\/\/www.ffneumarkt.at\/2018\/index.php?rest_route=\/wp\/v2\/pages\/139\/revisions\/2535"}],"wp:attachment":[{"href":"https:\/\/www.ffneumarkt.at\/2018\/index.php?rest_route=%2Fwp%2Fv2%2Fmedia&parent=139"}],"curies":[{"name":"wp","href":"https:\/\/api.w.org\/{rel}","templated":true}]}}